 3*z - 6 = w. Calculate the remainder when z is divided by 10.
9
Let t = -178 + 588. What is the remainder when 4/18 + t/18 is divided by 13?
10
Let d be (-6)/21 + (-144)/(-14). Let v = d - 4. Suppose -22 = -4*f + v. Calculate the remainder when f is divided by 4.
3
Suppose 10*s + 9 = 11*s. Suppose 3*n - 126 = -30. Calculate the remainder when n is divided by s.
5
Calculate the remainder when (22/4)/((-2)/(-4)) is divided by (-20)/(-30) + (-19)/(-3).
4
Let o = -38 - -20. Let p = o - -41. What is the remainder when 89 is divided by p?
20
Let v(j) = j**2 + j - 7. What is the remainder when 12 is divided by v(3)?
2
Let n = -66 + 74. Calculate the remainder when 62 is divided by n.
6
Suppose 5*o + 20 = 3*v, -2*o + 8 = 3*v - 5. Calculate the remainder when 7 is divided by v.
2
Let a = 2 + 0. Suppose -a*b + 20 = 2*b. Suppose d - 16 = -b. Calculate the remainder when 21 is divided by d.
10
Let z = 96 + -51. Calculate the remainder when z is divided by 12.
9
Let c = -8 - -11. Suppose 3 = -c*f, f + 6 + 15 = 5*z. What is the remainder when 22 is divided by 34/z - 1/2?
6
Let y(h) = h**2 + 2*h + 4. Let w be y(-3). What is the remainder when 12 is divided by (w/3)/((-1)/(-3))?
5
Suppose -24 = 2*k - 3*b + 8*b, 4*k + 4*b + 24 = 0. What is the remainder when 1 + 2 + (-2)/(-2) is divided by (-12)/8*(k - 0)?
1
Let i(m) = m**3 + 5*m**2 + 2*m - 1. Suppose 3*p - 4*p = -32. Calculate the remainder when p is divided by i(-3).
10
Suppose -3*l = 9, l = p - l - 45. Suppose 7*z - 34 = 36. Calculate the remainder when p is divided by z.
9
Suppose -2*b - 6 = 0, 3*l = 2*l + 3*b + 12. Let k be 3/l + 0 - 10. Let z(g) = g**2 + 8*g - 2. Calculate the remainder when z(k) is divided by 4.
3
Let p(d) = 3*d**2 + 2. Let w be p(-2). Suppose -4*b + 4*m - 7 = -3, -4*b + 5*m = 5. Let n = b + w. What is the remainder when 27 is divided by n?
13
Suppose -f - 4*g = -0*f + 48, 4*f + g + 162 = 0. Let u = f + 56. Calculate the remainder when 31 is divided by u.
15
Let c(u) = 16*u - 11. What is the remainder when c(7) is divided by 34?
33
Calculate the remainder when ((-1)/3)/(2/(-246)) is divided by -3*(-3 - 1) - -2.
13
Let m(o) = o - 2. Let f be m(0). Let v(z) = -z**2 - 8*z - 6. Let j be v(-8). Let r = f - j. Calculate the remainder when 6 is divided by r.
2
Let j be ((-24)/14)/((-8)/140). Suppose s = 3*s - j. What is the remainder when s is divided by 8?
7
Let v = 75 - 74. What is the remainder when v is divided by 1?
0
Let h = 13 + -21. Let w be -1 + h*3/(-6). Suppose 2*p - w*g = 17, -2*g + 20 = 2*g. Calculate the remainder when 47 is divided by p.
15
Suppose 0 = 4*b + 4*h - 24, 3*b - 28 = -4*h - 7. Suppose -3*w - b*c = -39, -3*w - w + 2*c + 34 = 0. Calculate the remainder when w is divided by 6.
4
Suppose 5*q - 75 = -2*n, 2*n + q + 138 = 5*n. What is the remainder when 132 is divided by n?
42
Let t(q) = q**2 + 5*q + 5. Let l = 7 + -13. What is the remainder when t(l) is divided by 4?
3
Suppose -3*c = c - 20. What is the remainder when 12 is divided by c?
2
Let u(w) = 2*w**2 - 5*w + 3. Let b be (24/(-9))/((-4)/6). Calculate the remainder when 44 is divided by u(b).
14
What is the remainder when 11 is divided by 3/(-3*1/(-4))?
3
Suppose -u + 2*u = 39. Let p = u + -22. Calculate the remainder when 67 is divided by p.
16
Suppose 4*v = -t + 3*v + 11, v + 29 = 3*t. What is the remainder when 1/(-4) - -2*763/56 is divided by t?
7
Let r = 47 + -8. What is the remainder when r is divided by 20?
19
Let d(y) = -y**2 - 3*y + 2. Let t be d(-3). Calculate the remainder when 26 is divided by t/(-6) + (-84)/(-9).
8
Suppose -d = 8*m - 3*m - 4, 3*m - 29 = -2*d. What is the remainder when 72 is divided by d?
15
Calculate the remainder when 6/4*(-64)/(-6) is divided by -9*12/18*6/(-4).
7
Suppose 5*h - 114 = 2*h. Suppose 2*b - 14 = -2*o, -2*o + 4*b = -7*o + 38. Calculate the remainder when h is divided by o.
8
Suppose -b + 1 = -1. Let p(k) = k + 2. Let c = -11 + 11. Calculate the remainder when p(c) is divided by b.
0
Suppose -5*g = -0*r - r + 27, r - 27 = -3*g. What is the remainder when 78 is divided by r?
24
Let b = -13 + 19. Suppose 0 = -b*i + 3*i + 42. Let u = 15 + -7. Calculate the remainder when i is divided by u.
6
Calculate the remainder when 22 is divided by (-25)/(-3) + 2/(-6).
6
Suppose 5*y = 8*y - 138. Calculate the remainder when y is divided by 16.
14
Suppose -5 = -5*p - 0. Let g(o) = 104*o**3 + 1. Calculate the remainder when g(p) is divided by 27.
24
Suppose 0 = 3*d - 4*j - 6, 4*d + 0*j - 2*j - 18 = 0. Suppose -3*a = -2*a, -w + 3*a + 11 = 0. What is the remainder when w is divided by d?
5
Suppose -2 = -3*x + 2*x. Let f be x/(-10) - 16/(-5). Suppose 6*g - f*g = 21. What is the remainder when g is divided by 3?
1
Suppose -11*q = -92 - 40. Calculate the remainder when 44 is divided by q.
8
Let o(h) = h + 20*h**3 - 1 + h - h**2 - 2*h**3. Let t = -100 + 152. Calculate the remainder when t is divided by o(1).
16
Let t(h) = h + 5. Let k be t(-4). Calculate the remainder when (-23 + 2)*(-1)/k is divided by 11.
10
Suppose 6 = 5*x + 1. Suppose 4*m + 2*k - 45 = -3*k, 0 = 5*k - 5. Suppose h + x = m. What is the remainder when h is divided by 5?
4
Suppose 2*t + 10 = 7*t. Suppose -t*f + 2*u + 44 = 3*f, 4 = -2*u. What is the remainder when f is divided by 5?
3
Suppose -u - 50 = -6*u. Calculate the remainder when 89 is divided by u.
9
Let z = 85 + -4. What is the remainder when z is divided by 28?
25
Suppose -243 = -10*h + h. Suppose 0 = -3*q + w - 1, 2*w = 5*q - w + 7. Calculate the remainder when h is divided by 3*q*42/9.
13
Suppose -3*n - 2*k + 39 = -0*k, -26 = -2*n - 2*k. Let p = n + -6. Suppose -5*g - 10 - 10 = 0, 2*m = -2*g + 16. Calculate the remainder when m is divided by p.
5
Suppose 5*z - 40 = -3*r, 5*r + 4*z = -0*z + 45. Suppose 0 = -r*c + 76 - 11. What is the remainder when 24 is divided by c?
11
Suppose -7*n - 28 + 98 = 0. Calculate the remainder when 38 is divided by n.
8
Let a = -27 - -40. What is the remainder when a is divided by 5?
3
Suppose 0 = -12*h + 583 + 461. What is the remainder when h is divided by 18?
15
Let g be ((-24)/(-15))/(4/10). Let j be -2 + 1/((-2)/(-8)). Suppose -j*q = -g*o - 24, 58 - 18 = 2*q + 4*o. Calculate the remainder when 47 is divided by q.
15
Let u be 65/7 + (-4)/14. Suppose -w + 38 = 3*c, -w + u = c + 3*w. What is the remainder when c is divided by 7?
6
Let b(c) = -c**2 - 8*c + 8. What is the remainder when b(-6) is divided by 7?
6
What is the remainder when 38/6 + (-2)/(-3) is divided by 5?
2
Let n be 6/4 - 3/(-6). Let i be -1*((-2 - 6) + n). Calculate the remainder when 8 is divided by 1*(-1 + i) + -2.
2
Let p = -16 + 29. Suppose -p + 2 = -i. What is the remainder when 21 is divided by i?
10
Let g(k) be the first derivative of k**3/3 + 9*k**2/2 + 9*k - 2. Let t be g(-8). Suppose 27 + t = 4*f. Calculate the remainder when 19 is divided by f.
5
Let p = 76 - -12. Suppose 2*m + 0 + 10 = 0, -3*f + 2*m + p = 0. Calculate the remainder when f is divided by 9.
8
Let b(y) = y**3 - y**2 - 6*y - 5. Let q = 35 - 18. What is the remainder when b(5) is divided by q?
14
Let f(b) = 3*b**3 + b**2 - 2*b + 3. Let g be f(2). Let p = g + -7. Calculate the remainder when 77 is divided by p.
17
Let s = -11 + 23. What is the remainder when 34 is divided by s?
10
Suppose -13*c + 17*c = 120. What is the remainder when 84 is divided by c?
24
Let z = -9 + 13. Suppose 0 = 4*w - 32. Calculate the remainder when w is divided by (8/(-4))/(z/(-6)).
2
Suppose 3*n - 4 = -10, -2*n + 30 = 2*m. Calculate the remainder when 64 is divided by m.
13
Let r = 4 - -113. Let w(j) = 2*j**2 + 2*j - 2. What is the remainder when w(-5) is divided by r/(-6)*(-6)/9?
12
Let p(b) = -4*b - 2. Calculate the remainder when 1 - -1 - (-8)/2 is divided by p(-1).
0
Let y(p) = p**2 + p + 4. Let c be (2/(-4))/(5/50). What is the remainder when y(c) is divided by 13?
11
Suppose r - 2*j = -59, 5*r = -0*r - j - 339. Let f = r + 126. Calculate the remainder when f is divided by 20.
19
Let g(z) = z**2 + 16*z + 22. Calculate the remainder when g(-15) is divided by (-3 + -1)/(-3 + 2).
3
Let r(a) = 22*a - 7. Calculate the remainder when r(3) is divided by 31.
28
Suppose 0 = 3*h - 0*h - 45. What is the remainder when h is divided by (-7)/70*-98 - (-4)/(-5)?
6
Suppose 3*o - 2*o - 2*y + 5 = 0, -8 = o - y. Let p = 5 - o. Calcula